{"id":26,"date":"2024-06-26T16:23:04","date_gmt":"2024-06-26T16:23:04","guid":{"rendered":"http:\/\/josef-villach.at\/?page_id=26"},"modified":"2024-07-26T20:09:47","modified_gmt":"2024-07-26T20:09:47","slug":"mittagsmenue","status":"publish","type":"page","link":"https:\/\/josef-villach.at\/index.php\/mittagsmenue\/","title":{"rendered":"Mittagsmen\u00fc"},"content":{"rendered":"\n<p>Hier k\u00f6nnt ihr das aktuelle Mittagsmen\u00fc durchst\u00f6bern<\/p>\n\n\n\n<figure class=\"wp-block-image size-full\"><img loading=\"lazy\" decoding=\"async\" width=\"699\" height=\"999\" src=\"http:\/\/josef-villach.at\/wp-content\/uploads\/2024\/07\/Mittagsmenue-1.jpg\" alt=\"\" class=\"wp-image-106\" srcset=\"https:\/\/josef-villach.at\/wp-content\/uploads\/2024\/07\/Mittagsmenue-1.jpg 699w, https:\/\/josef-villach.at\/wp-content\/uploads\/2024\/07\/Mittagsmenue-1-210x300.jpg 210w\" sizes=\"auto, (max-width: 699px) 100vw, 699px\" \/><\/figure>\n","protected":false},"excerpt":{"rendered":"<p>Hier k\u00f6nnt ihr das aktuelle Mittagsmen\u00fc durchst\u00f6bern<\/p>\n","protected":false},"author":2,"featured_media":0,"parent":0,"menu_order":0,"comment_status":"closed","ping_status":"closed","template":"","meta":{"footnotes":""},"class_list":["post-26","page","type-page","status-publish","hentry"],"_links":{"self":[{"href":"https:\/\/josef-villach.at\/index.php\/wp-json\/wp\/v2\/pages\/26","targetHints":{"allow":["GET"]}}],"collection":[{"href":"https:\/\/josef-villach.at\/index.php\/wp-json\/wp\/v2\/pages"}],"about":[{"href":"https:\/\/josef-villach.at\/index.php\/wp-json\/wp\/v2\/types\/page"}],"author":[{"embeddable":true,"href":"https:\/\/josef-villach.at\/index.php\/wp-json\/wp\/v2\/users\/2"}],"replies":[{"embeddable":true,"href":"https:\/\/josef-villach.at\/index.php\/wp-json\/wp\/v2\/comments?post=26"}],"version-history":[{"count":14,"href":"https:\/\/josef-villach.at\/index.php\/wp-json\/wp\/v2\/pages\/26\/revisions"}],"predecessor-version":[{"id":107,"href":"https:\/\/josef-villach.at\/index.php\/wp-json\/wp\/v2\/pages\/26\/revisions\/107"}],"wp:attachment":[{"href":"https:\/\/josef-villach.at\/index.php\/wp-json\/wp\/v2\/media?parent=26"}],"curies":[{"name":"wp","href":"https:\/\/api.w.org\/{rel}","templated":true}]}}

Mittagsmenü

<p>Hier könnt ihr das aktuelle Mittagsmenü durchstöbern</p>



<figure class="wp-block-image size-full"><img loading="lazy" decoding="async" width="699" height="999" src="http://josef-villach.at/wp-content/uploads/2024/07/Mittagsmenue-1.jpg" alt="" class="wp-image-106" srcset="https://josef-villach.at/wp-content/uploads/2024/07/Mittagsmenue-1.jpg 699w, https://josef-villach.at/wp-content/uploads/2024/07/Mittagsmenue-1-210x300.jpg 210w" sizes="auto, (max-width: 699px) 100vw, 699px" /></figure>

<p>Hier könnt ihr das aktuelle Mittagsmenü durchstöbern</p>
